{"id":251,"date":"2015-04-02T10:59:24","date_gmt":"2015-04-02T14:59:24","guid":{"rendered":"http:\/\/gadbulan.gob.ec\/azuay\/?page_id=251"},"modified":"2025-02-14T12:08:32","modified_gmt":"2025-02-14T16:08:32","slug":"obras-ejecutadas","status":"publish","type":"page","link":"https:\/\/gadbulan.gob.ec\/azuay\/obras-ejecutadas\/","title":{"rendered":"OBRAS EJECUTADAS PERIODO"},"content":{"rendered":"<p style=\"text-align: center;\"><strong>PERIODO 2023 &#8211; 2027<\/strong><\/p>\n<p><a href=\"https:\/\/gadbulan.gob.ec\/azuay\/wp-content\/uploads\/2024\/05\/PAO-2024-Inicial.pdf\">PAO 2024 Inicial<\/a><\/p>\n<p><a href=\"https:\/\/gadbulan.gob.ec\/azuay\/wp-content\/uploads\/2024\/06\/POA-2024.pdf\">POA 2024<\/a><\/p>\n<p><a href=\"https:\/\/gadbulan.gob.ec\/azuay\/wp-content\/uploads\/2024\/12\/CATALOGO-ELECTRONICO-Noviembre-2024.pdf\">CATALOGO ELECTRONICO Noviembre 2024<\/a><\/p>\n<p><a href=\"https:\/\/gadbulan.gob.ec\/azuay\/wp-content\/uploads\/2025\/01\/Compras-por-catalogo.pdf\">Compras por catalogo<\/a><\/p>\n<p><a href=\"https:\/\/gadbulan.gob.ec\/azuay\/wp-content\/uploads\/2025\/02\/Prestamos-de-carpas.pdf\">Prestamos de carpas<\/a><\/p>\n<p style=\"text-align: center;\"><strong>PERIODO 2019 &#8211; 2023<\/strong><\/p>\n<h3><em><strong>A\u00d1O 2019<\/strong><\/em><\/h3>\n<p><a href=\"http:\/\/gadbulan.gob.ec\/azuay\/wp-content\/uploads\/2020\/03\/Mejoramiento-de-la-cancha-Tuntag-y-Sum\u00e1n.pdf\">Mejoramiento de la cancha Tuntag y Sum\u00e1n<\/a><\/p>\n<p><a href=\"http:\/\/gadbulan.gob.ec\/azuay\/wp-content\/uploads\/2020\/03\/Construccion-del-mirador-en-el-Centro-Parroquial.pdf\">Construccion del mirador en el Centro Parroquial<\/a><\/p>\n<p><a href=\"http:\/\/gadbulan.gob.ec\/azuay\/wp-content\/uploads\/2020\/03\/ASESORIA-TECNICA-CONTRATACION-DE-UNA-TECNICA-2.pdf\">ASESORIA TECNICA &#8211; Contrataci\u00f3n de una tecnica (10 enero &#8211; 09 mayo 2019)<\/a><\/p>\n<p><a href=\"http:\/\/gadbulan.gob.ec\/azuay\/wp-content\/uploads\/2020\/03\/ASESORIA-TECNICA-CONTRATACION-DE-UNA-TECNICA.pdf\">ASESORIA TECNICA &#8211; Contrataci\u00f3n de una tecnica (junio a diciembre 2019)<\/a><\/p>\n<p><a href=\"http:\/\/gadbulan.gob.ec\/azuay\/wp-content\/uploads\/2020\/03\/Construccion-de-la-cubierta-de-la-Escuela-Honorato-Loyola.pdf\">Construccion de la cubierta de la Escuela Honorato Loyola<\/a><\/p>\n<p><a href=\"http:\/\/gadbulan.gob.ec\/azuay\/wp-content\/uploads\/2020\/03\/ENTREGA-DE-IMPLEMENTOS-DEPORTIVOS.pdf\">Entrega de implementos deportivos a todas las comunidades<\/a><\/p>\n<p><a href=\"http:\/\/gadbulan.gob.ec\/azuay\/wp-content\/uploads\/2020\/03\/Alquiler-de-maquinaria-para-mantenimiento-vial.pdf\">Alquiler de maquinaria para mantenimiento vial<\/a><\/p>\n<p><a href=\"http:\/\/gadbulan.gob.ec\/azuay\/wp-content\/uploads\/2020\/03\/Mantenimiento-vial-dentro-de-toda-la-parroquia.pdf\">Mantenimiento vial dentro de toda la parroquia<\/a><\/p>\n<p><a href=\"http:\/\/gadbulan.gob.ec\/azuay\/wp-content\/uploads\/2020\/03\/Mantenimiento-del-sistema-de-agua-potable.pdf\">Mantenimiento del sistema de agua potable<\/a><\/p>\n<p>&nbsp;<\/p>\n<h3>A\u00d1O 2020<\/h3>\n<p><a href=\"https:\/\/gadbulan.gob.ec\/azuay\/wp-content\/uploads\/2021\/03\/Mantenimiento-vial-mediante-la-Retroexcavadora.pdf\">Mantenimiento vial mediante la Retroexcavadora<\/a><\/p>\n<p><a href=\"https:\/\/gadbulan.gob.ec\/azuay\/wp-content\/uploads\/2021\/03\/Mantenimiento-y-Administraci\u00f3n-de-los-dos-sistema-de-agua-potable.pdf\">Mantenimiento y Administraci\u00f3n de los dos sistema de agua potable<\/a><\/p>\n<p><a href=\"https:\/\/gadbulan.gob.ec\/azuay\/wp-content\/uploads\/2021\/03\/Mejoramiento-de-Espacios-Publicos-de-la-Parroquia.pdf\">Mejoramiento de Espacios Publicos de la Parroquia<\/a><\/p>\n<p><a href=\"https:\/\/gadbulan.gob.ec\/azuay\/wp-content\/uploads\/2021\/03\/Equipamiento-del-GAD-Parroquial.pdf\">Equipamiento del GAD Parroquial<\/a><\/p>\n<p><a href=\"https:\/\/gadbulan.gob.ec\/azuay\/wp-content\/uploads\/2021\/03\/Alquiler-de-maquinaria-para-el-mantenimiento-vial-volquetas-para-el-lastrado-en-la-via-Chanin.pdf\">Alquiler de maquinaria para el mantenimiento vial (volquetas), para el lastrado en la via Chanin<\/a><\/p>\n<p><a href=\"https:\/\/gadbulan.gob.ec\/azuay\/wp-content\/uploads\/2021\/03\/Contrato-Asesor-T\u00e9cnico.pdf\">Asesoria T\u00e9cnica &#8211; Contrato de Servicios profesionales (02 enero &#8211; 30 abril 2020)<\/a><\/p>\n<p><a href=\"https:\/\/gadbulan.gob.ec\/azuay\/wp-content\/uploads\/2021\/03\/Contrato-Servicios-Profesionales-Asesor-Tecnico.pdf\">Asesoria T\u00e9cnica &#8211; Contrato de Servicios Profesionales (01 julio &#8211; 31 de agosto 2020)<\/a><\/p>\n<p><a href=\"https:\/\/gadbulan.gob.ec\/azuay\/wp-content\/uploads\/2021\/03\/Contrato-Civil-de-Servicios-profesionales-Tecnica.pdf\">Asesoria T\u00e9cnica &#8211; Contrato de Servicios profesionales (01 septiembre &#8211; 30 de noviembre 2020)<\/a><\/p>\n<p><a href=\"https:\/\/gadbulan.gob.ec\/azuay\/wp-content\/uploads\/2021\/03\/Contrato-de-Servicios-Profesionales-Asesor-Tecnico.pdf\">Asesoria Tecnica &#8211; Contrato de Servicios Profesionales (diciembre 2020)<\/a><\/p>\n<p>&nbsp;<\/p>\n<h3>A\u00d1O 2021<\/h3>\n<p><a href=\"https:\/\/gadbulan.gob.ec\/azuay\/wp-content\/uploads\/2021\/09\/Mantenimiento-de-espacios-verdes-de-la-parroquia.pdf\">Mantenimiento de espacios verdes de la parroquia<\/a><\/p>\n<p><a href=\"https:\/\/gadbulan.gob.ec\/azuay\/wp-content\/uploads\/2022\/03\/MANTENIMIENTO-VIAL-CON-LA-RETROEXCAVADORA-DEL-GAD-PARROQUIAL.pdf\">Mantenimiento vial con la retroexcadora del GAD Parroquial<\/a><\/p>\n<p><a href=\"https:\/\/gadbulan.gob.ec\/azuay\/wp-content\/uploads\/2022\/03\/MANTENIMIENTO-VIAL.pdf\">Manteminiento Vial<\/a><\/p>\n<p><a href=\"https:\/\/gadbulan.gob.ec\/azuay\/wp-content\/uploads\/2022\/03\/Sistema-de-agua.pdf\">Sistema de agua<\/a><\/p>\n<p><a href=\"https:\/\/gadbulan.gob.ec\/azuay\/wp-content\/uploads\/2022\/05\/Contrato-Servicios-Profesionales.pdf\">Contrato Servicios Profesionales<\/a><\/p>\n<p>&nbsp;<\/p>\n<p><strong>A\u00d1O 2023<\/strong><\/p>\n<p><a href=\"https:\/\/gadbulan.gob.ec\/azuay\/wp-content\/uploads\/2024\/01\/Adquisicion-de-una-impresora.pdf\">Adquisici\u00f3n de una impresora<\/a><\/p>\n<p><a href=\"https:\/\/gadbulan.gob.ec\/azuay\/wp-content\/uploads\/2024\/01\/Mantenimiento-de-espacios-verdes-de-la-parroquia.pdf\">Mantenimiento de espacios verdes de la parroquia<\/a><\/p>\n<p><a href=\"https:\/\/gadbulan.gob.ec\/azuay\/wp-content\/uploads\/2024\/01\/Mantenimiento-de-los-sistemas-de-agua-potable.pdf\">Mantenimiento de los sistemas de agua potable<\/a><\/p>\n<p><a href=\"https:\/\/gadbulan.gob.ec\/azuay\/wp-content\/uploads\/2024\/01\/Mantenimiento-y-mejoramiento-de-la-red-vial-rural-con-la-retroexcavadora.pdf\">Mantenimiento y mejoramiento de la red vial rural con la retroexcavadora<\/a><\/p>\n<p><a href=\"https:\/\/gadbulan.gob.ec\/azuay\/wp-content\/uploads\/2024\/01\/Informe-Mantenimiento-vial-delegado-2022-signed.pdf\">Informe Mantenimiento vial delegado 2022-signed<\/a><\/p>\n<p><a href=\"https:\/\/gadbulan.gob.ec\/azuay\/wp-content\/uploads\/2024\/01\/convenio-MAG-informes-y-acta-de-finiquito.pdf\">Convenio MAG, Informes y Acta de finiquito<\/a><\/p>\n<p><a href=\"https:\/\/gadbulan.gob.ec\/azuay\/wp-content\/uploads\/2024\/01\/informe-final-convenio-Nro.-332-2021-signed-signed.pdf\">Informe Final Convenio Nro. 332-2021-signed-signed<\/a><\/p>\n<p>&nbsp;<\/p>\n<p>&nbsp;<\/p>\n<p style=\"text-align: center;\"><strong>PERIODO 2014 &#8211; 2019<\/strong><\/p>\n<p style=\"text-align: center;\">REFACCI\u00d3N DE LOS GRADERIOS DE LA PLAZA CENTRAL<\/p>\n<p style=\"text-align: left;\">A inicio del a\u00f1o 2014 se realiz\u00f3 la refacci\u00f3n de los graderios ubicados en el Centro Parroquial, se contrato al Sr. Klever Condo por un valor de $4, 994.30 m\u00e1s IVA.<\/p>\n<p style=\"text-align: left;\"><a href=\"http:\/\/gadbulan.gob.ec\/azuay\/wp-content\/uploads\/2015\/04\/DSC01262.jpg\"><img loading=\"lazy\" decoding=\"async\" class=\"alignnone size-medium wp-image-279\" src=\"http:\/\/gadbulan.gob.ec\/azuay\/wp-content\/uploads\/2015\/04\/DSC01262-300x225.jpg\" alt=\"DSC01262\" width=\"300\" height=\"225\" data-id=\"279\" srcset=\"https:\/\/gadbulan.gob.ec\/azuay\/wp-content\/uploads\/2015\/04\/DSC01262-300x225.jpg 300w, https:\/\/gadbulan.gob.ec\/azuay\/wp-content\/uploads\/2015\/04\/DSC01262.jpg 1024w\" sizes=\"auto, (max-width: 300px) 100vw, 300px\" \/><\/a><a href=\"http:\/\/gadbulan.gob.ec\/azuay\/wp-content\/uploads\/2015\/04\/DSC01266.jpg\">\u00a0\u00a0\u00a0 <\/a><a href=\"http:\/\/gadbulan.gob.ec\/azuay\/wp-content\/uploads\/2015\/04\/DSC01266.jpg\"><img loading=\"lazy\" decoding=\"async\" class=\"alignnone size-medium wp-image-280\" src=\"http:\/\/gadbulan.gob.ec\/azuay\/wp-content\/uploads\/2015\/04\/DSC01266-300x225.jpg\" alt=\"DSC01266\" width=\"300\" height=\"225\" data-id=\"280\" srcset=\"https:\/\/gadbulan.gob.ec\/azuay\/wp-content\/uploads\/2015\/04\/DSC01266-300x225.jpg 300w, https:\/\/gadbulan.gob.ec\/azuay\/wp-content\/uploads\/2015\/04\/DSC01266.jpg 1024w\" sizes=\"auto, (max-width: 300px) 100vw, 300px\" \/><\/a><\/p>\n<p style=\"text-align: center;\"><strong>OBRAS Y TRABAJOS EJECUTADOS EN EL A\u00d1O 2015<\/strong><\/p>\n<ul>\n<li style=\"text-align: left;\"><a href=\"http:\/\/gadbulan.gob.ec\/azuay\/wp-content\/uploads\/2015\/04\/LEVANTAMIENTO-Y-DISE\u00d1O-DEL-REDONDEL.pdf\">LEVANTAMIENTO Y DISE\u00d1O DEL REDONDEL<\/a><\/li>\n<li style=\"text-align: left;\"><a href=\"http:\/\/gadbulan.gob.ec\/azuay\/wp-content\/uploads\/2015\/04\/ESTUDIOS-Y-DISE\u00d1OS-DE-LA-BODEGA-EN-EL-SECTOR-DE-EL-ZIG-ZAG.pdf\">ESTUDIOS Y DISE\u00d1OS DE LA BODEGA EN EL SECTOR DE EL ZIG-ZAG<\/a><\/li>\n<li style=\"text-align: left;\"><a href=\"http:\/\/gadbulan.gob.ec\/azuay\/wp-content\/uploads\/2015\/04\/DISE\u00d1O-DE-LA-CUBIERTA-DE-LAS-ESCALINATAS-DEL-CENTRO-PARROQUIAL.pdf\">DISE\u00d1O DE LA CUBIERTA DE LAS ESCALINATAS DEL CENTRO PARROQUIAL<\/a><\/li>\n<li style=\"text-align: left;\"><a href=\"http:\/\/gadbulan.gob.ec\/azuay\/wp-content\/uploads\/2015\/04\/FACTURA-DEL-SERVICIO-DE-PINTADO-DE-LA-CASA-COMUNAL.pdf\">FACTURA DEL SERVICIO DE PINTADO DE LA CASA COMUNAL<\/a><\/li>\n<li style=\"text-align: left;\"><a href=\"http:\/\/gadbulan.gob.ec\/azuay\/wp-content\/uploads\/2015\/04\/APOYO-EN-LA-CONSTRUCCION-DEL-PUENTE-CHANIN-CHIWIN.pdf\">APOYO EN LA CONSTRUCCION DEL PUENTE CHANIN-CHIWIN<\/a><\/li>\n<li style=\"text-align: left;\"><a href=\"http:\/\/gadbulan.gob.ec\/azuay\/wp-content\/uploads\/2015\/04\/MANTENIMIENTO-Y-EQUIPAMIENTO-DEL-EDIFICIO-DEL-GAD-PARROQUIAL.pdf\">MANTENIMIENTO Y EQUIPAMIENTO DEL EDIFICIO DEL GAD PARROQUIAL<\/a><\/li>\n<li style=\"text-align: left;\"><a href=\"http:\/\/gadbulan.gob.ec\/azuay\/wp-content\/uploads\/2015\/04\/MEJORAMIENTO-DEL-VIVERO-AGROECOLOGICO.pdf\">MEJORAMIENTO DEL VIVERO AGROECOLOGICO<\/a><\/li>\n<li style=\"text-align: left;\"><a href=\"http:\/\/gadbulan.gob.ec\/azuay\/wp-content\/uploads\/2015\/04\/ACTA-ENTREGA-RECEPCION-INSUMOS-ORGANICOS.pdf\">ACTA ENTREGA RECEPCION INSUMOS ORGANICOS<\/a><\/li>\n<li style=\"text-align: left;\"><a href=\"http:\/\/gadbulan.gob.ec\/azuay\/wp-content\/uploads\/2015\/04\/ACTA-ENTREGA-RECEPCION-CONTRATACION-DE-CONSULTORIA-PARA-LA-ACTUALIZACION-DEL-PDyOT-DE-LA-PARROQUIA-BULAN.pdf\">ACTA ENTREGA RECEPCION CONTRATACION DE CONSULTORIA PARA LA ACTUALIZACION DEL PDyOT DE LA PARROQUIA BULAN<\/a><\/li>\n<li style=\"text-align: left;\"><a href=\"http:\/\/gadbulan.gob.ec\/azuay\/wp-content\/uploads\/2015\/04\/TABLA-DE-AMORTIZACION-DEL-EDIFICIO-DEL-GAD-PARROQUIAL.pdf\">TABLA DE AMORTIZACION DEL EDIFICIO DEL GAD PARROQUIAL<\/a><\/li>\n<li style=\"text-align: left;\"><a href=\"http:\/\/gadbulan.gob.ec\/azuay\/wp-content\/uploads\/2015\/04\/ACTA-ENTREGA-RECEPCION-PLANILLA.pdf\">MANTENIMIENTO VIAL DE LA PARROQUIA BULAN<\/a><\/li>\n<\/ul>\n<p style=\"text-align: left;\"><a href=\"http:\/\/gadbulan.gob.ec\/azuay\/wp-content\/uploads\/2015\/04\/DSC02465.jpg\">\u00a0\u00a0\u00a0\u00a0\u00a0\u00a0\u00a0\u00a0\u00a0\u00a0\u00a0\u00a0\u00a0\u00a0\u00a0\u00a0\u00a0\u00a0\u00a0\u00a0\u00a0\u00a0\u00a0\u00a0 <img loading=\"lazy\" decoding=\"async\" class=\" wp-image-519\" src=\"http:\/\/gadbulan.gob.ec\/azuay\/wp-content\/uploads\/2015\/04\/DSC02465-300x225.jpg\" alt=\"DSC02465\" width=\"271\" height=\"203\" data-id=\"519\" srcset=\"https:\/\/gadbulan.gob.ec\/azuay\/wp-content\/uploads\/2015\/04\/DSC02465-300x225.jpg 300w, https:\/\/gadbulan.gob.ec\/azuay\/wp-content\/uploads\/2015\/04\/DSC02465.jpg 1024w\" sizes=\"auto, (max-width: 271px) 100vw, 271px\" \/>\u00a0\u00a0\u00a0\u00a0\u00a0 <\/a><a href=\"http:\/\/gadbulan.gob.ec\/azuay\/wp-content\/uploads\/2015\/04\/DSC02460.jpg\"><img loading=\"lazy\" decoding=\"async\" class=\"alignnone wp-image-738\" src=\"http:\/\/gadbulan.gob.ec\/azuay\/wp-content\/uploads\/2015\/04\/DSC02460-300x225.jpg\" alt=\"DSC02460\" width=\"275\" height=\"206\" data-id=\"738\" srcset=\"https:\/\/gadbulan.gob.ec\/azuay\/wp-content\/uploads\/2015\/04\/DSC02460-300x225.jpg 300w, https:\/\/gadbulan.gob.ec\/azuay\/wp-content\/uploads\/2015\/04\/DSC02460.jpg 1024w\" sizes=\"auto, (max-width: 275px) 100vw, 275px\" \/><\/a><\/p>\n<p style=\"text-align: center;\"><strong>OBRAS Y TRABAJOS EJECUTADOS EN EL A\u00d1O 2016<\/strong><\/p>\n<ol>\n<li style=\"text-align: left;\"><a href=\"http:\/\/gadbulan.gob.ec\/azuay\/wp-content\/uploads\/2015\/04\/mantenimiento-de-servicios-basicos.pdf\">Mantenimiento de servicios b\u00e1sicos<\/a><\/li>\n<li style=\"text-align: left;\"><a href=\"http:\/\/gadbulan.gob.ec\/azuay\/wp-content\/uploads\/2015\/04\/CONTRATO-DE-FINANCIAMIENTO-Y-SERVICIOS-BANCARIOS.pdf\">Contrato de Financiamiento y Servicios Bancarios<\/a><\/li>\n<li style=\"text-align: left;\"><a href=\"http:\/\/gadbulan.gob.ec\/azuay\/wp-content\/uploads\/2015\/04\/MANTENIMIENTO-VIAL-DE-LA-PARROQUIA.pdf\">MANTENIMIENTO VIAL DE LA PARROQUIA<\/a><\/li>\n<li style=\"text-align: left;\"><a href=\"http:\/\/gadbulan.gob.ec\/azuay\/wp-content\/uploads\/2015\/04\/CUBIERTA-DEL-CENTRO-PARROQUIAL.pdf\">CUBIERTA DEL CENTRO PARROQUIAL<\/a><\/li>\n<li style=\"text-align: left;\"><a href=\"http:\/\/gadbulan.gob.ec\/azuay\/wp-content\/uploads\/2015\/04\/ADQUISICION-DE-RETROEXCAVADORA.pdf\">ADQUISICI\u00d3N DE RETROEXCAVADORA<\/a><\/li>\n<\/ol>\n<p>&nbsp;<\/p>\n<p>&nbsp;<\/p>\n<p><a href=\"http:\/\/gadbulan.gob.ec\/azuay\/wp-content\/uploads\/2015\/04\/17579880_1304661129628895_1506071539_n.jpg\"><img loading=\"lazy\" decoding=\"async\" class=\"alignnone wp-image-1443\" src=\"http:\/\/gadbulan.gob.ec\/azuay\/wp-content\/uploads\/2015\/04\/17579880_1304661129628895_1506071539_n-550x309.jpg\" alt=\"\" width=\"344\" height=\"193\" data-id=\"1443\" srcset=\"https:\/\/gadbulan.gob.ec\/azuay\/wp-content\/uploads\/2015\/04\/17579880_1304661129628895_1506071539_n-550x309.jpg 550w, https:\/\/gadbulan.gob.ec\/azuay\/wp-content\/uploads\/2015\/04\/17579880_1304661129628895_1506071539_n-768x432.jpg 768w, https:\/\/gadbulan.gob.ec\/azuay\/wp-content\/uploads\/2015\/04\/17579880_1304661129628895_1506071539_n.jpg 960w\" sizes=\"auto, (max-width: 344px) 100vw, 344px\" \/><\/a>\u00a0\u00a0<a href=\"http:\/\/gadbulan.gob.ec\/azuay\/wp-content\/uploads\/2015\/04\/DSC04312.jpg\"><img loading=\"lazy\" decoding=\"async\" class=\"alignnone wp-image-1444\" src=\"http:\/\/gadbulan.gob.ec\/azuay\/wp-content\/uploads\/2015\/04\/DSC04312-550x309.jpg\" alt=\"\" width=\"347\" height=\"195\" data-id=\"1444\" srcset=\"https:\/\/gadbulan.gob.ec\/azuay\/wp-content\/uploads\/2015\/04\/DSC04312-550x309.jpg 550w, https:\/\/gadbulan.gob.ec\/azuay\/wp-content\/uploads\/2015\/04\/DSC04312-768x432.jpg 768w, https:\/\/gadbulan.gob.ec\/azuay\/wp-content\/uploads\/2015\/04\/DSC04312.jpg 1024w\" sizes=\"auto, (max-width: 347px) 100vw, 347px\" \/><\/a><\/p>\n<p style=\"text-align: center;\"><a href=\"http:\/\/gadbulan.gob.ec\/azuay\/wp-content\/uploads\/2015\/04\/17571111_1304662299628778_297812726_o.jpg\"><img loading=\"lazy\" decoding=\"async\" class=\"alignnone size-medium wp-image-1446\" src=\"http:\/\/gadbulan.gob.ec\/azuay\/wp-content\/uploads\/2015\/04\/17571111_1304662299628778_297812726_o-550x309.jpg\" alt=\"\" width=\"550\" height=\"309\" data-id=\"1446\" srcset=\"https:\/\/gadbulan.gob.ec\/azuay\/wp-content\/uploads\/2015\/04\/17571111_1304662299628778_297812726_o-550x309.jpg 550w, https:\/\/gadbulan.gob.ec\/azuay\/wp-content\/uploads\/2015\/04\/17571111_1304662299628778_297812726_o-768x432.jpg 768w, https:\/\/gadbulan.gob.ec\/azuay\/wp-content\/uploads\/2015\/04\/17571111_1304662299628778_297812726_o.jpg 1024w\" sizes=\"auto, (max-width: 550px) 100vw, 550px\" \/><\/a><\/p>\n<p style=\"text-align: center;\"><strong>OBRAS Y TRABAJOS EJECUTADOS EN EL A\u00d1O 2017<\/strong><\/p>\n<p><a href=\"http:\/\/gadbulan.gob.ec\/azuay\/wp-content\/uploads\/2015\/04\/Mantenimiento-de-las-vias-de-la-parroquia-Bul\u00e1n.pdf\">Mantenimiento de las vias de la parroquia Bul\u00e1n<\/a><\/p>\n<p><a href=\"http:\/\/gadbulan.gob.ec\/azuay\/wp-content\/uploads\/2015\/04\/Mantenimiento-de-varias-vias-a-nivel-de-lastre-TASA-SOLIDARIA.pdf\">Mantenimiento de varias vias a nivel de lastre TASA SOLIDARIA<\/a><\/p>\n<p><a href=\"http:\/\/gadbulan.gob.ec\/azuay\/wp-content\/uploads\/2015\/04\/ADQUISICION-DE-UNA-COMPUTADORA.pdf\">ADQUISICION DE UNA COMPUTADORA<\/a><\/p>\n<p><a href=\"http:\/\/gadbulan.gob.ec\/azuay\/wp-content\/uploads\/2015\/04\/ADQUISICION-DE-INSUMOS-SEGUN-CONVENIO-CON-EL-MAG.pdf\">ADQUISICION DE INSUMOS SEGUN CONVENIO CON EL MAG<\/a><\/p>\n<p><a href=\"http:\/\/gadbulan.gob.ec\/azuay\/wp-content\/uploads\/2015\/04\/CONSTRUCCION-DE-LA-CANCHA-DE-TAMBILLO.pdf\">CONSTRUCCION DE LA CANCHA DE TAMBILLO<\/a><\/p>\n<p><a href=\"http:\/\/gadbulan.gob.ec\/azuay\/wp-content\/uploads\/2015\/04\/REFACCION-TANQUES-DE-AGUA-POTABLE.pdf\">REFACCION TANQUES DE AGUA POTABLE<\/a><\/p>\n<p><a href=\"http:\/\/gadbulan.gob.ec\/azuay\/wp-content\/uploads\/2015\/04\/REPARACION-DE-BASUREROS-COMUNITARIOS.pdf\">REPARACION DE BASUREROS COMUNITARIOS<\/a><\/p>\n<p><a href=\"http:\/\/gadbulan.gob.ec\/azuay\/wp-content\/uploads\/2015\/04\/SISTEMA-DE-ALUMBRADO-DE-LA-CUBIERTA-DE-LA-CANCA-DEL-CENTRO-PARROQUIAL.pdf\">SISTEMA DE ALUMBRADO DE LA CUBIERTA DE LA CANCA DEL CENTRO PARROQUIAL<\/a><\/p>\n<p><a href=\"http:\/\/gadbulan.gob.ec\/azuay\/wp-content\/uploads\/2015\/04\/MANTENIMIENTO-DE-ESPACIOS-PUBLICOS-DE-LA-PARROQUIA.pdf\">MANTENIMIENTO DE ESPACIOS PUBLICOS DE LA P<\/a><\/p>\n","protected":false},"excerpt":{"rendered":"<p>PERIODO 2023 &#8211; 2027 PAO 2024 Inicial POA 2024 CATALOGO ELECTRONICO Noviembre 2024 Compras por catalogo Prestamos de carpas PERIODO 2019 &#8211; 2023 A\u00d1O 2019 Mejoramiento de la cancha Tuntag y Sum\u00e1n Construccion del mirador en el Centro Parroquial ASESORIA TECNICA &#8211; Contrataci\u00f3n de una tecnica (10 enero &#8211; 09 mayo 2019) ASESORIA TECNICA &#8211; [&hellip;]<\/p>\n","protected":false},"author":4,"featured_media":0,"parent":0,"menu_order":0,"comment_status":"closed","ping_status":"closed","template":"","meta":{"footnotes":""},"yst_prominent_words":[248,249,232,253,252,255,231,236,230,233,228,247,259,229,251,250],"class_list":["post-251","page","type-page","status-publish","hentry"],"_links":{"self":[{"href":"https:\/\/gadbulan.gob.ec\/azuay\/wp-json\/wp\/v2\/pages\/251","targetHints":{"allow":["GET"]}}],"collection":[{"href":"https:\/\/gadbulan.gob.ec\/azuay\/wp-json\/wp\/v2\/pages"}],"about":[{"href":"https:\/\/gadbulan.gob.ec\/azuay\/wp-json\/wp\/v2\/types\/page"}],"author":[{"embeddable":true,"href":"https:\/\/gadbulan.gob.ec\/azuay\/wp-json\/wp\/v2\/users\/4"}],"replies":[{"embeddable":true,"href":"https:\/\/gadbulan.gob.ec\/azuay\/wp-json\/wp\/v2\/comments?post=251"}],"version-history":[{"count":53,"href":"https:\/\/gadbulan.gob.ec\/azuay\/wp-json\/wp\/v2\/pages\/251\/revisions"}],"predecessor-version":[{"id":5570,"href":"https:\/\/gadbulan.gob.ec\/azuay\/wp-json\/wp\/v2\/pages\/251\/revisions\/5570"}],"wp:attachment":[{"href":"https:\/\/gadbulan.gob.ec\/azuay\/wp-json\/wp\/v2\/media?parent=251"}],"wp:term":[{"taxonomy":"yst_prominent_words","embeddable":true,"href":"https:\/\/gadbulan.gob.ec\/azuay\/wp-json\/wp\/v2\/yst_prominent_words?post=251"}],"curies":[{"name":"wp","href":"https:\/\/api.w.org\/{rel}","templated":true}]}}